{"id":676,"date":"2019-08-06T12:36:21","date_gmt":"2019-08-06T10:36:21","guid":{"rendered":"http:\/\/csgrandvire.fr\/?page_id=676"},"modified":"2021-09-15T15:39:34","modified_gmt":"2021-09-15T13:39:34","slug":"accompagnement-scolaire-3","status":"publish","type":"page","link":"http:\/\/www.csgrandvire.fr\/index.php\/accompagnement-scolaire-3\/","title":{"rendered":"Accompagnement scolaire"},"content":{"rendered":"\n<figure class=\"wp-block-image is-resized\"><img loading=\"lazy\" decoding=\"async\" src=\"http:\/\/csgrandvire.fr\/wp-content\/uploads\/2019\/08\/IMG_3787-1024x768.jpg\" alt=\"\" class=\"wp-image-857\" width=\"259\" height=\"194\" srcset=\"http:\/\/www.csgrandvire.fr\/wp-content\/uploads\/2019\/08\/IMG_3787-1024x768.jpg 1024w, http:\/\/www.csgrandvire.fr\/wp-content\/uploads\/2019\/08\/IMG_3787-300x225.jpg 300w, http:\/\/www.csgrandvire.fr\/wp-content\/uploads\/2019\/08\/IMG_3787-768x576.jpg 768w, http:\/\/www.csgrandvire.fr\/wp-content\/uploads\/2019\/08\/IMG_3787-678x509.jpg 678w, http:\/\/www.csgrandvire.fr\/wp-content\/uploads\/2019\/08\/IMG_3787-326x245.jpg 326w, http:\/\/www.csgrandvire.fr\/wp-content\/uploads\/2019\/08\/IMG_3787-80x60.jpg 80w\" sizes=\"auto, (max-width: 259px) 100vw, 259px\" \/><\/figure>\n\n\n\n<p>Accompagnement scolaire (hors vacances scolaires) <\/p>\n\n\n\n<p>De la 6\u00e8me \u00e0 la 3\u00e8me : <strong>le lundi de 17h \u00e0 19h<\/strong> au Centre Social <\/p>\n\n\n\n<p>De la seconde \u00e0 la terminale : <strong>le mercredi de 17h30 \u00e0 19h<\/strong> \u00e0 l\u2019Espace CARCO <\/p>\n\n\n\n<p>Tarif 15 \u20ac l\u2019ann\u00e9e. Adh\u00e9sion familiale obligatoire<\/p>\n\n\n\n<p>Pr\u00e9-inscription en septembre<\/p>\n\n\n\n<p>\n\nPour plus d\u2019information, n\u2019h\u00e9sitez pas \u00e0&nbsp;<a href=\"http:\/\/csgrandvire.fr\/index.php\/contactez-nous\/\">nous contacter<\/a><\/p>\n","protected":false},"excerpt":{"rendered":"<div class=\"mh-excerpt\"><p>Accompagnement scolaire (hors vacances scolaires) De la 6\u00e8me \u00e0 la 3\u00e8me : le lundi de 17h \u00e0 19h au Centre Social De la seconde \u00e0 <a class=\"mh-excerpt-more\" href=\"http:\/\/www.csgrandvire.fr\/index.php\/accompagnement-scolaire-3\/\" title=\"Accompagnement scolaire\">[&#8230;]<\/a><\/p>\n<\/div>","protected":false},"author":1,"featured_media":0,"parent":0,"menu_order":0,"comment_status":"closed","ping_status":"closed","template":"","meta":{"sfsi_plus_gutenberg_text_before_share":"","sfsi_plus_gutenberg_show_text_before_share":"","sfsi_plus_gutenberg_icon_type":"","sfsi_plus_gutenberg_icon_alignemt":"","sfsi_plus_gutenburg_max_per_row":"","_exactmetrics_skip_tracking":false,"_exactmetrics_sitenote_active":false,"_exactmetrics_sitenote_note":"","_exactmetrics_sitenote_category":0,"footnotes":""},"class_list":["post-676","page","type-page","status-publish","hentry"],"_links":{"self":[{"href":"http:\/\/www.csgrandvire.fr\/index.php\/wp-json\/wp\/v2\/pages\/676","targetHints":{"allow":["GET"]}}],"collection":[{"href":"http:\/\/www.csgrandvire.fr\/index.php\/wp-json\/wp\/v2\/pages"}],"about":[{"href":"http:\/\/www.csgrandvire.fr\/index.php\/wp-json\/wp\/v2\/types\/page"}],"author":[{"embeddable":true,"href":"http:\/\/www.csgrandvire.fr\/index.php\/wp-json\/wp\/v2\/users\/1"}],"replies":[{"embeddable":true,"href":"http:\/\/www.csgrandvire.fr\/index.php\/wp-json\/wp\/v2\/comments?post=676"}],"version-history":[{"count":10,"href":"http:\/\/www.csgrandvire.fr\/index.php\/wp-json\/wp\/v2\/pages\/676\/revisions"}],"predecessor-version":[{"id":2196,"href":"http:\/\/www.csgrandvire.fr\/index.php\/wp-json\/wp\/v2\/pages\/676\/revisions\/2196"}],"wp:attachment":[{"href":"http:\/\/www.csgrandvire.fr\/index.php\/wp-json\/wp\/v2\/media?parent=676"}],"curies":[{"name":"wp","href":"https:\/\/api.w.org\/{rel}","templated":true}]}}

<figure class="wp-block-image is-resized"><img loading="lazy" decoding="async" src="http://csgrandvire.fr/wp-content/uploads/2019/08/IMG_3787-1024x768.jpg" alt="" class="wp-image-857" width="259" height="194" srcset="http://www.csgrandvire.fr/wp-content/uploads/2019/08/IMG_3787-1024x768.jpg 1024w, http://www.csgrandvire.fr/wp-content/uploads/2019/08/IMG_3787-300x225.jpg 300w, http://www.csgrandvire.fr/wp-content/uploads/2019/08/IMG_3787-768x576.jpg 768w, http://www.csgrandvire.fr/wp-content/uploads/2019/08/IMG_3787-678x509.jpg 678w, http://www.csgrandvire.fr/wp-content/uploads/2019/08/IMG_3787-326x245.jpg 326w, http://www.csgrandvire.fr/wp-content/uploads/2019/08/IMG_3787-80x60.jpg 80w" sizes="auto, (max-width: 259px) 100vw, 259px" /></figure>



<p>Accompagnement scolaire (hors vacances scolaires) </p>



<p>De la 6ème à la 3ème : <strong>le lundi de 17h à 19h</strong> au Centre Social </p>



<p>De la seconde à la terminale : <strong>le mercredi de 17h30 à 19h</strong> à l’Espace CARCO </p>



<p>Tarif 15 € l’année. Adhésion familiale obligatoire</p>



<p>Pré-inscription en septembre</p>



<p>

Pour plus d’information, n’hésitez pas à&nbsp;<a href="http://csgrandvire.fr/index.php/contactez-nous/">nous contacter</a></p>

<div class="mh-excerpt"><p>Accompagnement scolaire (hors vacances scolaires) De la 6ème à la 3ème : le lundi de 17h à 19h au Centre Social De la seconde à <a class="mh-excerpt-more" href="http://www.csgrandvire.fr/index.php/accompagnement-scolaire-3/" title="Accompagnement scolaire">[&#8230;]</a></p>
</div>
