{"id":673,"date":"2019-08-06T12:34:27","date_gmt":"2019-08-06T10:34:27","guid":{"rendered":"http:\/\/csgrandvire.fr\/?page_id=673"},"modified":"2021-09-15T15:38:56","modified_gmt":"2021-09-15T13:38:56","slug":"actions-jeunes","status":"publish","type":"page","link":"http:\/\/www.csgrandvire.fr\/index.php\/actions-jeunes\/","title":{"rendered":"Jeunesse : Hors vacances scolaires"},"content":{"rendered":"\n<div class=\"wp-block-image\"><figure class=\"aligncenter size-large\"><img loading=\"lazy\" decoding=\"async\" width=\"1024\" height=\"563\" src=\"http:\/\/csgrandvire.fr\/wp-content\/uploads\/2020\/07\/image-enfance-jeunesse2-1-1024x563.png\" alt=\"\" class=\"wp-image-1625\" srcset=\"http:\/\/www.csgrandvire.fr\/wp-content\/uploads\/2020\/07\/image-enfance-jeunesse2-1-1024x563.png 1024w, http:\/\/www.csgrandvire.fr\/wp-content\/uploads\/2020\/07\/image-enfance-jeunesse2-1-300x165.png 300w, http:\/\/www.csgrandvire.fr\/wp-content\/uploads\/2020\/07\/image-enfance-jeunesse2-1-768x422.png 768w, http:\/\/www.csgrandvire.fr\/wp-content\/uploads\/2020\/07\/image-enfance-jeunesse2-1-1536x844.png 1536w, http:\/\/www.csgrandvire.fr\/wp-content\/uploads\/2020\/07\/image-enfance-jeunesse2-1-2048x1125.png 2048w\" sizes=\"auto, (max-width: 1024px) 100vw, 1024px\" \/><\/figure><\/div>\n\n\n\n<ul class=\"wp-block-list\"><li><strong>Les 11 ans et plus :<\/strong> L\u2019accueil se fait le mercredi de 14h \u00e0 17h00 \u00e0 l\u2019Espace CARCO. Les jeunes viennent librement sur des locaux adapt\u00e9s et \u00e9quip\u00e9s d\u2019une salle multim\u00e9dia, d\u2019un espace musique insonoris\u00e9 et d\u2019un espace projet. Ces temps d\u2019accueil permettent aux ados d\u2019\u00e9changer, de penser des projets avec les r\u00e9f\u00e9rents. Participation financi\u00e8re suppl\u00e9mentaire si sortie payante. Adh\u00e9sion familiale obligatoire<\/li><\/ul>\n\n\n\n<p><\/p>\n\n\n\n<ul class=\"wp-block-list\"><li><strong>Les 16 ans et plus :<\/strong> les jeunes sont \u00e9galement accueillis \u00e0 l\u2019Espace CARCO le vendredi de 17h \u00e0 19h30 pour des projets collectifs et des chantiers \u00e9ducatifs. Participation financi\u00e8re suppl\u00e9mentaire si sortie payante.\u00a0 Adh\u00e9sion familiale obligatoire<\/li><\/ul>\n\n\n\n<p>\n\nPour plus d\u2019information, n\u2019h\u00e9sitez pas \u00e0&nbsp;<a href=\"http:\/\/csgrandvire.fr\/index.php\/contactez-nous\/\">nous contacter<\/a><\/p>\n","protected":false},"excerpt":{"rendered":"<div class=\"mh-excerpt\"><p>Les 11 ans et plus : L\u2019accueil se fait le mercredi de 14h \u00e0 17h00 \u00e0 l\u2019Espace CARCO. Les jeunes viennent librement sur des locaux <a class=\"mh-excerpt-more\" href=\"http:\/\/www.csgrandvire.fr\/index.php\/actions-jeunes\/\" title=\"Jeunesse : Hors vacances scolaires\">[&#8230;]<\/a><\/p>\n<\/div>","protected":false},"author":1,"featured_media":0,"parent":0,"menu_order":0,"comment_status":"closed","ping_status":"closed","template":"","meta":{"sfsi_plus_gutenberg_text_before_share":"","sfsi_plus_gutenberg_show_text_before_share":"","sfsi_plus_gutenberg_icon_type":"","sfsi_plus_gutenberg_icon_alignemt":"","sfsi_plus_gutenburg_max_per_row":"","_exactmetrics_skip_tracking":false,"_exactmetrics_sitenote_active":false,"_exactmetrics_sitenote_note":"","_exactmetrics_sitenote_category":0,"footnotes":""},"class_list":["post-673","page","type-page","status-publish","hentry"],"_links":{"self":[{"href":"http:\/\/www.csgrandvire.fr\/index.php\/wp-json\/wp\/v2\/pages\/673","targetHints":{"allow":["GET"]}}],"collection":[{"href":"http:\/\/www.csgrandvire.fr\/index.php\/wp-json\/wp\/v2\/pages"}],"about":[{"href":"http:\/\/www.csgrandvire.fr\/index.php\/wp-json\/wp\/v2\/types\/page"}],"author":[{"embeddable":true,"href":"http:\/\/www.csgrandvire.fr\/index.php\/wp-json\/wp\/v2\/users\/1"}],"replies":[{"embeddable":true,"href":"http:\/\/www.csgrandvire.fr\/index.php\/wp-json\/wp\/v2\/comments?post=673"}],"version-history":[{"count":14,"href":"http:\/\/www.csgrandvire.fr\/index.php\/wp-json\/wp\/v2\/pages\/673\/revisions"}],"predecessor-version":[{"id":2199,"href":"http:\/\/www.csgrandvire.fr\/index.php\/wp-json\/wp\/v2\/pages\/673\/revisions\/2199"}],"wp:attachment":[{"href":"http:\/\/www.csgrandvire.fr\/index.php\/wp-json\/wp\/v2\/media?parent=673"}],"curies":[{"name":"wp","href":"https:\/\/api.w.org\/{rel}","templated":true}]}}

<div class="wp-block-image"><figure class="aligncenter size-large"><img loading="lazy" decoding="async" width="1024" height="563" src="http://csgrandvire.fr/wp-content/uploads/2020/07/image-enfance-jeunesse2-1-1024x563.png" alt="" class="wp-image-1625" srcset="http://www.csgrandvire.fr/wp-content/uploads/2020/07/image-enfance-jeunesse2-1-1024x563.png 1024w, http://www.csgrandvire.fr/wp-content/uploads/2020/07/image-enfance-jeunesse2-1-300x165.png 300w, http://www.csgrandvire.fr/wp-content/uploads/2020/07/image-enfance-jeunesse2-1-768x422.png 768w, http://www.csgrandvire.fr/wp-content/uploads/2020/07/image-enfance-jeunesse2-1-1536x844.png 1536w, http://www.csgrandvire.fr/wp-content/uploads/2020/07/image-enfance-jeunesse2-1-2048x1125.png 2048w" sizes="auto, (max-width: 1024px) 100vw, 1024px" /></figure></div>



<ul class="wp-block-list"><li><strong>Les 11 ans et plus :</strong> L’accueil se fait le mercredi de 14h à 17h00 à l’Espace CARCO. Les jeunes viennent librement sur des locaux adaptés et équipés d’une salle multimédia, d’un espace musique insonorisé et d’un espace projet. Ces temps d’accueil permettent aux ados d’échanger, de penser des projets avec les référents. Participation financière supplémentaire si sortie payante. Adhésion familiale obligatoire</li></ul>



<p></p>



<ul class="wp-block-list"><li><strong>Les 16 ans et plus :</strong> les jeunes sont également accueillis à l’Espace CARCO le vendredi de 17h à 19h30 pour des projets collectifs et des chantiers éducatifs. Participation financière supplémentaire si sortie payante.  Adhésion familiale obligatoire</li></ul>



<p>

Pour plus d’information, n’hésitez pas à&nbsp;<a href="http://csgrandvire.fr/index.php/contactez-nous/">nous contacter</a></p>

<div class="mh-excerpt"><p>Les 11 ans et plus : L’accueil se fait le mercredi de 14h à 17h00 à l’Espace CARCO. Les jeunes viennent librement sur des locaux <a class="mh-excerpt-more" href="http://www.csgrandvire.fr/index.php/actions-jeunes/" title="Jeunesse : Hors vacances scolaires">[&#8230;]</a></p>
</div>
