{"id":630,"date":"2019-08-06T11:55:33","date_gmt":"2019-08-06T09:55:33","guid":{"rendered":"http:\/\/csgrandvire.fr\/?page_id=630"},"modified":"2021-09-15T15:37:40","modified_gmt":"2021-09-15T13:37:40","slug":"vacances-scolaires","status":"publish","type":"page","link":"http:\/\/www.csgrandvire.fr\/index.php\/vacances-scolaires\/","title":{"rendered":"Jeunesse : Vacances scolaires"},"content":{"rendered":"\n<div class=\"wp-block-image\"><figure class=\"aligncenter size-large is-resized\"><img loading=\"lazy\" decoding=\"async\" src=\"http:\/\/csgrandvire.fr\/wp-content\/uploads\/2020\/07\/images-enfance-jeunesse-3.png\" alt=\"\" class=\"wp-image-1565\" width=\"360\" height=\"270\" srcset=\"http:\/\/www.csgrandvire.fr\/wp-content\/uploads\/2020\/07\/images-enfance-jeunesse-3.png 1013w, http:\/\/www.csgrandvire.fr\/wp-content\/uploads\/2020\/07\/images-enfance-jeunesse-3-300x225.png 300w, http:\/\/www.csgrandvire.fr\/wp-content\/uploads\/2020\/07\/images-enfance-jeunesse-3-768x576.png 768w, http:\/\/www.csgrandvire.fr\/wp-content\/uploads\/2020\/07\/images-enfance-jeunesse-3-678x509.png 678w, http:\/\/www.csgrandvire.fr\/wp-content\/uploads\/2020\/07\/images-enfance-jeunesse-3-326x245.png 326w, http:\/\/www.csgrandvire.fr\/wp-content\/uploads\/2020\/07\/images-enfance-jeunesse-3-80x60.png 80w\" sizes=\"auto, (max-width: 360px) 100vw, 360px\" \/><\/figure><\/div>\n\n\n\n<ul class=\"wp-block-list\"><li><strong>Les 11-13 ans <\/strong>: <ul><li>l\u2019accueil de loisirs se fait \u00e0 la journ\u00e9e avec repas de 8h30 \u00e0 17h30. <\/li><li>Les horaires d\u2019accueil peuvent varier les jours de sortie. Il s\u2019appuie notamment sur le respect des r\u00e8gles de vie en collectivit\u00e9, sur la tol\u00e9rance, l\u2019ouverture sur le monde et l\u2019investissement des Ados sur une d\u00e9marche de projet. Pour tous les accueils de loisirs, les tarifs appliqu\u00e9s tiennent compte du quotient familial CAF (Adh\u00e9sion familiale obligatoire)<\/li><\/ul><\/li><\/ul>\n\n\n\n<div class=\"wp-block-image\"><figure class=\"aligncenter size-large\"><img loading=\"lazy\" decoding=\"async\" width=\"411\" height=\"230\" src=\"http:\/\/csgrandvire.fr\/wp-content\/uploads\/2020\/07\/grille-tarifaire-enfance-2020-2.jpg\" alt=\"\" class=\"wp-image-1650\" srcset=\"http:\/\/www.csgrandvire.fr\/wp-content\/uploads\/2020\/07\/grille-tarifaire-enfance-2020-2.jpg 411w, http:\/\/www.csgrandvire.fr\/wp-content\/uploads\/2020\/07\/grille-tarifaire-enfance-2020-2-300x168.jpg 300w\" sizes=\"auto, (max-width: 411px) 100vw, 411px\" \/><\/figure><\/div>\n\n\n\n<ul class=\"wp-block-list\"><li>\u00a0<strong>Les 14 ans et plus :<\/strong> <ul><li>l\u2019accueil se fait de 14h \u00e0 17h30 \u00e0 l\u2019Espace CARCO. <\/li><li>Des temps d\u2019\u00e9coute, d\u2019\u00e9changes et des sorties sont propos\u00e9es. Les projets sont con\u00e7us avec et pour les jeunes (projets collectifs et de solidarit\u00e9). Participation financi\u00e8re suppl\u00e9mentaire si sortie payante. <\/li><li>Adh\u00e9sion familiale obligatoire.<\/li><\/ul><\/li><\/ul>\n\n\n\n<p><\/p>\n\n\n\n<p> Pour plus d\u2019information, n\u2019h\u00e9sitez pas \u00e0&nbsp;<a href=\"http:\/\/csgrandvire.fr\/index.php\/contactez-nous\/\">nous contacter<\/a> <\/p>\n","protected":false},"excerpt":{"rendered":"<div class=\"mh-excerpt\"><p>Les 11-13 ans : l\u2019accueil de loisirs se fait \u00e0 la journ\u00e9e avec repas de 8h30 \u00e0 17h30. Les horaires d\u2019accueil peuvent varier les jours <a class=\"mh-excerpt-more\" href=\"http:\/\/www.csgrandvire.fr\/index.php\/vacances-scolaires\/\" title=\"Jeunesse : Vacances scolaires\">[&#8230;]<\/a><\/p>\n<\/div>","protected":false},"author":1,"featured_media":0,"parent":0,"menu_order":0,"comment_status":"closed","ping_status":"closed","template":"","meta":{"sfsi_plus_gutenberg_text_before_share":"","sfsi_plus_gutenberg_show_text_before_share":"","sfsi_plus_gutenberg_icon_type":"","sfsi_plus_gutenberg_icon_alignemt":"","sfsi_plus_gutenburg_max_per_row":"","_exactmetrics_skip_tracking":false,"_exactmetrics_sitenote_active":false,"_exactmetrics_sitenote_note":"","_exactmetrics_sitenote_category":0,"footnotes":""},"class_list":["post-630","page","type-page","status-publish","hentry"],"_links":{"self":[{"href":"http:\/\/www.csgrandvire.fr\/index.php\/wp-json\/wp\/v2\/pages\/630","targetHints":{"allow":["GET"]}}],"collection":[{"href":"http:\/\/www.csgrandvire.fr\/index.php\/wp-json\/wp\/v2\/pages"}],"about":[{"href":"http:\/\/www.csgrandvire.fr\/index.php\/wp-json\/wp\/v2\/types\/page"}],"author":[{"embeddable":true,"href":"http:\/\/www.csgrandvire.fr\/index.php\/wp-json\/wp\/v2\/users\/1"}],"replies":[{"embeddable":true,"href":"http:\/\/www.csgrandvire.fr\/index.php\/wp-json\/wp\/v2\/comments?post=630"}],"version-history":[{"count":15,"href":"http:\/\/www.csgrandvire.fr\/index.php\/wp-json\/wp\/v2\/pages\/630\/revisions"}],"predecessor-version":[{"id":2194,"href":"http:\/\/www.csgrandvire.fr\/index.php\/wp-json\/wp\/v2\/pages\/630\/revisions\/2194"}],"wp:attachment":[{"href":"http:\/\/www.csgrandvire.fr\/index.php\/wp-json\/wp\/v2\/media?parent=630"}],"curies":[{"name":"wp","href":"https:\/\/api.w.org\/{rel}","templated":true}]}}

<div class="wp-block-image"><figure class="aligncenter size-large is-resized"><img loading="lazy" decoding="async" src="http://csgrandvire.fr/wp-content/uploads/2020/07/images-enfance-jeunesse-3.png" alt="" class="wp-image-1565" width="360" height="270" srcset="http://www.csgrandvire.fr/wp-content/uploads/2020/07/images-enfance-jeunesse-3.png 1013w, http://www.csgrandvire.fr/wp-content/uploads/2020/07/images-enfance-jeunesse-3-300x225.png 300w, http://www.csgrandvire.fr/wp-content/uploads/2020/07/images-enfance-jeunesse-3-768x576.png 768w, http://www.csgrandvire.fr/wp-content/uploads/2020/07/images-enfance-jeunesse-3-678x509.png 678w, http://www.csgrandvire.fr/wp-content/uploads/2020/07/images-enfance-jeunesse-3-326x245.png 326w, http://www.csgrandvire.fr/wp-content/uploads/2020/07/images-enfance-jeunesse-3-80x60.png 80w" sizes="auto, (max-width: 360px) 100vw, 360px" /></figure></div>



<ul class="wp-block-list"><li><strong>Les 11-13 ans </strong>: <ul><li>l’accueil de loisirs se fait à la journée avec repas de 8h30 à 17h30. </li><li>Les horaires d’accueil peuvent varier les jours de sortie. Il s’appuie notamment sur le respect des règles de vie en collectivité, sur la tolérance, l’ouverture sur le monde et l’investissement des Ados sur une démarche de projet. Pour tous les accueils de loisirs, les tarifs appliqués tiennent compte du quotient familial CAF (Adhésion familiale obligatoire)</li></ul></li></ul>



<div class="wp-block-image"><figure class="aligncenter size-large"><img loading="lazy" decoding="async" width="411" height="230" src="http://csgrandvire.fr/wp-content/uploads/2020/07/grille-tarifaire-enfance-2020-2.jpg" alt="" class="wp-image-1650" srcset="http://www.csgrandvire.fr/wp-content/uploads/2020/07/grille-tarifaire-enfance-2020-2.jpg 411w, http://www.csgrandvire.fr/wp-content/uploads/2020/07/grille-tarifaire-enfance-2020-2-300x168.jpg 300w" sizes="auto, (max-width: 411px) 100vw, 411px" /></figure></div>



<ul class="wp-block-list"><li> <strong>Les 14 ans et plus :</strong> <ul><li>l’accueil se fait de 14h à 17h30 à l’Espace CARCO. </li><li>Des temps d’écoute, d’échanges et des sorties sont proposées. Les projets sont conçus avec et pour les jeunes (projets collectifs et de solidarité). Participation financière supplémentaire si sortie payante. </li><li>Adhésion familiale obligatoire.</li></ul></li></ul>



<p></p>



<p> Pour plus d’information, n’hésitez pas à&nbsp;<a href="http://csgrandvire.fr/index.php/contactez-nous/">nous contacter</a> </p>

<div class="mh-excerpt"><p>Les 11-13 ans : l’accueil de loisirs se fait à la journée avec repas de 8h30 à 17h30. Les horaires d’accueil peuvent varier les jours <a class="mh-excerpt-more" href="http://www.csgrandvire.fr/index.php/vacances-scolaires/" title="Jeunesse : Vacances scolaires">[&#8230;]</a></p>
</div>
