{"id":30,"date":"2019-05-21T09:14:29","date_gmt":"2019-05-21T07:14:29","guid":{"rendered":"http:\/\/csgrandvire.fr\/wordpress\/?page_id=30"},"modified":"2020-11-06T21:53:32","modified_gmt":"2020-11-06T20:53:32","slug":"notre-histoire","status":"publish","type":"page","link":"http:\/\/www.csgrandvire.fr\/index.php\/notre-histoire\/","title":{"rendered":"Notre Histoire"},"content":{"rendered":"\n<p>Cr\u00e9\u00e9 en 1977, le Centre Social Le\nGrand Vire a connu, tout au long de son histoire, de profondes mutations qui\nont accompagn\u00e9 l\u2019\u00e9volution de son territoire et de la ville de Vaulx-en-Velin\ndans son ensemble.<\/p>\n\n\n\n<div class=\"wp-block-image\"><figure class=\"aligncenter\"><img loading=\"lazy\" decoding=\"async\" width=\"600\" height=\"400\" src=\"http:\/\/csgrandvire.fr\/wp-content\/uploads\/2019\/05\/web_Source0.jpg\" alt=\"\" class=\"wp-image-245\" srcset=\"http:\/\/www.csgrandvire.fr\/wp-content\/uploads\/2019\/05\/web_Source0.jpg 600w, http:\/\/www.csgrandvire.fr\/wp-content\/uploads\/2019\/05\/web_Source0-300x200.jpg 300w, http:\/\/www.csgrandvire.fr\/wp-content\/uploads\/2019\/05\/web_Source0-450x300.jpg 450w\" sizes=\"auto, (max-width: 600px) 100vw, 600px\" \/><\/figure><\/div>\n\n\n\n<p>Initialement situ\u00e9 au c\u0153ur de la ZUP, au sein du Centre Commercial Le Grand Vire, le Centre Social ouvre en m\u00eame temps que l\u2019Ecole Nationale des Travaux Publics d\u2019Etat, le Centre Culturel Communal Charlie Chaplin et le Lyc\u00e9e des M\u00e9tiers des Canuts.<\/p>\n\n\n\n<p>La crise soci\u00e9tale des ann\u00e9es\n80-90 et les cons\u00e9quences d\u2019un urbanisme inadapt\u00e9 fait de quartiers repli\u00e9s sur\neux-m\u00eames, enlisent Vaulx-en-Velin et son centre-ville dans des difficult\u00e9s qui\nculminent au moment des \u00e9meutes de 1992. Au sortir de cette crise, un important\nchantier de renouvellement urbain commence. Le Centre Commercial du Grand Vire\nest d\u00e9truit, le Centre Social le Grand Vire va investir des locaux provisoires\nentre 1993 et 2000, en face de l\u2019H\u00f4tel de Ville.<\/p>\n\n\n\n<div class=\"wp-block-image\"><figure class=\"aligncenter is-resized\"><img loading=\"lazy\" decoding=\"async\" src=\"http:\/\/csgrandvire.fr\/wordpress\/wp-content\/uploads\/2019\/05\/Des-conventions-d-objectifs-fruit-d-un-travail-partenarial.jpg\" alt=\"\" class=\"wp-image-244\" width=\"365\" height=\"244\" srcset=\"http:\/\/www.csgrandvire.fr\/wp-content\/uploads\/2019\/05\/Des-conventions-d-objectifs-fruit-d-un-travail-partenarial.jpg 1024w, http:\/\/www.csgrandvire.fr\/wp-content\/uploads\/2019\/05\/Des-conventions-d-objectifs-fruit-d-un-travail-partenarial-300x200.jpg 300w, http:\/\/www.csgrandvire.fr\/wp-content\/uploads\/2019\/05\/Des-conventions-d-objectifs-fruit-d-un-travail-partenarial-768x511.jpg 768w, http:\/\/www.csgrandvire.fr\/wp-content\/uploads\/2019\/05\/Des-conventions-d-objectifs-fruit-d-un-travail-partenarial-451x300.jpg 451w\" sizes=\"auto, (max-width: 365px) 100vw, 365px\" \/><\/figure><\/div>\n\n\n\n<p>Puis en 2000, au moment o\u00f9 le nouveau centre-ville de Vaulx-en-Velin ach\u00e8ve la premi\u00e8re phase de sa refondation, le Centre Social emm\u00e9nage dans ses locaux actuels, au pied d\u2019un \u00eelot constitu\u00e9 de logements, de commerces et de services publics.<\/p>\n\n\n\n<p>Depuis cette date, Le Centre Social Le Grand Vire occupe et fait vivre cet espace de pr\u00e8s de 750 m\u00b2. Il offre aux habitants un Etablissement d\u2019Accueil du Jeune Enfant (Couleur Grenadine, 24 places), des&nbsp; accueils de loisirs maternel (3-6 ans, 36 places), enfant (6-11 ans, 42 places), adolescents (11-15 ans, 24 places), un secteur jeunes (16-25 ans), un secteur adultes et famille.<\/p>\n\n\n\n<p>La p\u00e9riode 2011-2014 a \u00e9t\u00e9 marqu\u00e9e par d\u2019importantes \u00e9volutions de la structure, tant au niveau de son fonctionnement, son organisation, ou encore de sa place dans l\u2019environnement local.<\/p>\n\n\n\n<div class=\"wp-block-image\"><figure class=\"aligncenter is-resized\"><img loading=\"lazy\" decoding=\"async\" src=\"http:\/\/csgrandvire.fr\/wp-content\/uploads\/2019\/05\/pj-e1559224962579-502x1024.png\" alt=\"\" class=\"wp-image-246\" width=\"153\" height=\"314\"\/><\/figure><\/div>\n\n\n\n<p>En 2015, notre projet social intitul\u00e9 \u00ab\u00a0Pour construire un quotidien solidaire et citoyen\u00a0\u00bb reposait sur trois orientations strat\u00e9giques : <\/p>\n\n\n\n<ul class=\"wp-block-list\"><li>Favoriser les conditions d&rsquo;une coh\u00e9sion sociale sur tout notre territoire<\/li><li>D\u00e9velopper les dynamiques de vie sociale sur le quartier des Verch\u00e8res<\/li><li>Etre reconnu par tous comme un lieu d&rsquo;accueil pour tous<\/li><\/ul>\n\n\n\n<p>La saison 2019-2020 s\u2019est achev\u00e9e avec la finalisation de notre projet social et de notre projet familles 2020-2024. Des projets ambitieux mais r\u00e9alistes qui acte notre volont\u00e9 d\u2019\u00eatre un lieu ouvert \u00e0 tous, qui permet aux habitant.es de venir participer \u00e0 un temps collectif et de rencontrer d\u2019autres personnes. Notre objectif est de favoriser la mixit\u00e9, les rencontres et les \u00e9changes pour mieux vivre ensemble.<\/p>\n\n\n\n<p>Le d\u00e9p\u00f4t de ces projets aupr\u00e8s de nos financeurs (la Caisse d\u2019Allocation Familiale du Rh\u00f4ne, la Ville de Vaulx-en-Velin, l\u2019\u00c9tat et la M\u00e9tropole de Lyon) est une premi\u00e8re \u00e9tape. Il nous appartient d\u00e9sormais collectivement de les faire vivre au quotidien et de les \u00e9valuer r\u00e9guli\u00e8rement pour nous assurer que le chemin que nous avons envisag\u00e9 est le bon.<\/p>\n\n\n\n<div class=\"wp-block-file\"><a href=\"http:\/\/csgrandvire.fr\/wp-content\/uploads\/2020\/07\/PROJET-SOCIAL-2020-2024-CS-GRAND-VIRE-VAULX-EN-VELIN.pdf\">PROJET SOCIAL 2020-2024<\/a><a href=\"http:\/\/csgrandvire.fr\/wp-content\/uploads\/2020\/07\/PROJET-SOCIAL-2020-2024-CS-GRAND-VIRE-VAULX-EN-VELIN.pdf\" class=\"wp-block-file__button\" download>T\u00e9l\u00e9charger<\/a><\/div>\n\n\n\n<div class=\"wp-block-file\"><a href=\"http:\/\/csgrandvire.fr\/wp-content\/uploads\/2020\/07\/PROJET-FAMILLE-2020-2024-CS-GRAND-VIRE-VAULX-EN-VELIN.pdf\">PROJET FAMILLES 2020-2024<\/a><a href=\"http:\/\/csgrandvire.fr\/wp-content\/uploads\/2020\/07\/PROJET-FAMILLE-2020-2024-CS-GRAND-VIRE-VAULX-EN-VELIN.pdf\" class=\"wp-block-file__button\" download>T\u00e9l\u00e9charger<\/a><\/div>\n\n\n\n<p><\/p>\n","protected":false},"excerpt":{"rendered":"<div class=\"mh-excerpt\"><p>Cr\u00e9\u00e9 en 1977, le Centre Social Le Grand Vire a connu, tout au long de son histoire, de profondes mutations qui ont accompagn\u00e9 l\u2019\u00e9volution de <a class=\"mh-excerpt-more\" href=\"http:\/\/www.csgrandvire.fr\/index.php\/notre-histoire\/\" title=\"Notre Histoire\">[&#8230;]<\/a><\/p>\n<\/div>","protected":false},"author":1,"featured_media":0,"parent":0,"menu_order":0,"comment_status":"closed","ping_status":"closed","template":"","meta":{"sfsi_plus_gutenberg_text_before_share":"","sfsi_plus_gutenberg_show_text_before_share":"","sfsi_plus_gutenberg_icon_type":"","sfsi_plus_gutenberg_icon_alignemt":"","sfsi_plus_gutenburg_max_per_row":"","_exactmetrics_skip_tracking":false,"_exactmetrics_sitenote_active":false,"_exactmetrics_sitenote_note":"","_exactmetrics_sitenote_category":0,"footnotes":""},"class_list":["post-30","page","type-page","status-publish","hentry"],"_links":{"self":[{"href":"http:\/\/www.csgrandvire.fr\/index.php\/wp-json\/wp\/v2\/pages\/30","targetHints":{"allow":["GET"]}}],"collection":[{"href":"http:\/\/www.csgrandvire.fr\/index.php\/wp-json\/wp\/v2\/pages"}],"about":[{"href":"http:\/\/www.csgrandvire.fr\/index.php\/wp-json\/wp\/v2\/types\/page"}],"author":[{"embeddable":true,"href":"http:\/\/www.csgrandvire.fr\/index.php\/wp-json\/wp\/v2\/users\/1"}],"replies":[{"embeddable":true,"href":"http:\/\/www.csgrandvire.fr\/index.php\/wp-json\/wp\/v2\/comments?post=30"}],"version-history":[{"count":9,"href":"http:\/\/www.csgrandvire.fr\/index.php\/wp-json\/wp\/v2\/pages\/30\/revisions"}],"predecessor-version":[{"id":1816,"href":"http:\/\/www.csgrandvire.fr\/index.php\/wp-json\/wp\/v2\/pages\/30\/revisions\/1816"}],"wp:attachment":[{"href":"http:\/\/www.csgrandvire.fr\/index.php\/wp-json\/wp\/v2\/media?parent=30"}],"curies":[{"name":"wp","href":"https:\/\/api.w.org\/{rel}","templated":true}]}}

<p>Créé en 1977, le Centre Social Le
Grand Vire a connu, tout au long de son histoire, de profondes mutations qui
ont accompagné l’évolution de son territoire et de la ville de Vaulx-en-Velin
dans son ensemble.</p>



<div class="wp-block-image"><figure class="aligncenter"><img loading="lazy" decoding="async" width="600" height="400" src="http://csgrandvire.fr/wp-content/uploads/2019/05/web_Source0.jpg" alt="" class="wp-image-245" srcset="http://www.csgrandvire.fr/wp-content/uploads/2019/05/web_Source0.jpg 600w, http://www.csgrandvire.fr/wp-content/uploads/2019/05/web_Source0-300x200.jpg 300w, http://www.csgrandvire.fr/wp-content/uploads/2019/05/web_Source0-450x300.jpg 450w" sizes="auto, (max-width: 600px) 100vw, 600px" /></figure></div>



<p>Initialement situé au cœur de la ZUP, au sein du Centre Commercial Le Grand Vire, le Centre Social ouvre en même temps que l’Ecole Nationale des Travaux Publics d’Etat, le Centre Culturel Communal Charlie Chaplin et le Lycée des Métiers des Canuts.</p>



<p>La crise sociétale des années
80-90 et les conséquences d’un urbanisme inadapté fait de quartiers repliés sur
eux-mêmes, enlisent Vaulx-en-Velin et son centre-ville dans des difficultés qui
culminent au moment des émeutes de 1992. Au sortir de cette crise, un important
chantier de renouvellement urbain commence. Le Centre Commercial du Grand Vire
est détruit, le Centre Social le Grand Vire va investir des locaux provisoires
entre 1993 et 2000, en face de l’Hôtel de Ville.</p>



<div class="wp-block-image"><figure class="aligncenter is-resized"><img loading="lazy" decoding="async" src="http://csgrandvire.fr/wordpress/wp-content/uploads/2019/05/Des-conventions-d-objectifs-fruit-d-un-travail-partenarial.jpg" alt="" class="wp-image-244" width="365" height="244" srcset="http://www.csgrandvire.fr/wp-content/uploads/2019/05/Des-conventions-d-objectifs-fruit-d-un-travail-partenarial.jpg 1024w, http://www.csgrandvire.fr/wp-content/uploads/2019/05/Des-conventions-d-objectifs-fruit-d-un-travail-partenarial-300x200.jpg 300w, http://www.csgrandvire.fr/wp-content/uploads/2019/05/Des-conventions-d-objectifs-fruit-d-un-travail-partenarial-768x511.jpg 768w, http://www.csgrandvire.fr/wp-content/uploads/2019/05/Des-conventions-d-objectifs-fruit-d-un-travail-partenarial-451x300.jpg 451w" sizes="auto, (max-width: 365px) 100vw, 365px" /></figure></div>



<p>Puis en 2000, au moment où le nouveau centre-ville de Vaulx-en-Velin achève la première phase de sa refondation, le Centre Social emménage dans ses locaux actuels, au pied d’un îlot constitué de logements, de commerces et de services publics.</p>



<p>Depuis cette date, Le Centre Social Le Grand Vire occupe et fait vivre cet espace de près de 750 m². Il offre aux habitants un Etablissement d’Accueil du Jeune Enfant (Couleur Grenadine, 24 places), des&nbsp; accueils de loisirs maternel (3-6 ans, 36 places), enfant (6-11 ans, 42 places), adolescents (11-15 ans, 24 places), un secteur jeunes (16-25 ans), un secteur adultes et famille.</p>



<p>La période 2011-2014 a été marquée par d’importantes évolutions de la structure, tant au niveau de son fonctionnement, son organisation, ou encore de sa place dans l’environnement local.</p>



<div class="wp-block-image"><figure class="aligncenter is-resized"><img loading="lazy" decoding="async" src="http://csgrandvire.fr/wp-content/uploads/2019/05/pj-e1559224962579-502x1024.png" alt="" class="wp-image-246" width="153" height="314"/></figure></div>



<p>En 2015, notre projet social intitulé « Pour construire un quotidien solidaire et citoyen » reposait sur trois orientations stratégiques : </p>



<ul class="wp-block-list"><li>Favoriser les conditions d&rsquo;une cohésion sociale sur tout notre territoire</li><li>Développer les dynamiques de vie sociale sur le quartier des Verchères</li><li>Etre reconnu par tous comme un lieu d&rsquo;accueil pour tous</li></ul>



<p>La saison 2019-2020 s’est achevée avec la finalisation de notre projet social et de notre projet familles 2020-2024. Des projets ambitieux mais réalistes qui acte notre volonté d’être un lieu ouvert à tous, qui permet aux habitant.es de venir participer à un temps collectif et de rencontrer d’autres personnes. Notre objectif est de favoriser la mixité, les rencontres et les échanges pour mieux vivre ensemble.</p>



<p>Le dépôt de ces projets auprès de nos financeurs (la Caisse d’Allocation Familiale du Rhône, la Ville de Vaulx-en-Velin, l’État et la Métropole de Lyon) est une première étape. Il nous appartient désormais collectivement de les faire vivre au quotidien et de les évaluer régulièrement pour nous assurer que le chemin que nous avons envisagé est le bon.</p>



<div class="wp-block-file"><a href="http://csgrandvire.fr/wp-content/uploads/2020/07/PROJET-SOCIAL-2020-2024-CS-GRAND-VIRE-VAULX-EN-VELIN.pdf">PROJET SOCIAL 2020-2024</a><a href="http://csgrandvire.fr/wp-content/uploads/2020/07/PROJET-SOCIAL-2020-2024-CS-GRAND-VIRE-VAULX-EN-VELIN.pdf" class="wp-block-file__button" download>Télécharger</a></div>



<div class="wp-block-file"><a href="http://csgrandvire.fr/wp-content/uploads/2020/07/PROJET-FAMILLE-2020-2024-CS-GRAND-VIRE-VAULX-EN-VELIN.pdf">PROJET FAMILLES 2020-2024</a><a href="http://csgrandvire.fr/wp-content/uploads/2020/07/PROJET-FAMILLE-2020-2024-CS-GRAND-VIRE-VAULX-EN-VELIN.pdf" class="wp-block-file__button" download>Télécharger</a></div>



<p></p>

<div class="mh-excerpt"><p>Créé en 1977, le Centre Social Le Grand Vire a connu, tout au long de son histoire, de profondes mutations qui ont accompagné l’évolution de <a class="mh-excerpt-more" href="http://www.csgrandvire.fr/index.php/notre-histoire/" title="Notre Histoire">[&#8230;]</a></p>
</div>
