{"id":21,"date":"2019-05-20T22:31:30","date_gmt":"2019-05-20T20:31:30","guid":{"rendered":"http:\/\/csgrandvire.fr\/wordpress\/?page_id=21"},"modified":"2022-08-03T14:33:58","modified_gmt":"2022-08-03T12:33:58","slug":"lequipe","status":"publish","type":"page","link":"http:\/\/www.csgrandvire.fr\/index.php\/lequipe\/","title":{"rendered":"Gouvernance"},"content":{"rendered":"\n<h1 class=\"wp-block-heading\"><strong>Le Conseil d&rsquo;Administration<\/strong><\/h1>\n\n\n<div class=\"twpara-row row-fluid\">\n<div id=\"JUlk0i8S\" class=\"span12 tw-para \">\n<p>Le Centre Social le Grand Vire est dirig\u00e9 par un Conseil d&rsquo;Administration. Il se r\u00e9unit toutes les fois qu&rsquo;il est n\u00e9cessaire et au moins une fois par trimestre sur convocation de son Pr\u00e9sident ou sur demande du quart au moins de ses membres. Ses membres sont \u00e9lus par les adh\u00e9rents, pour 3 ans, renouvel\u00e9 pour partie lors de chaque Assembl\u00e9e g\u00e9n\u00e9rale et compos\u00e9 de 3 coll\u00e8ges.<\/p>\n<table>\n<tbody>\n<tr>\n<td width=\"302\">\n<p style=\"text-align: center;\">Coll\u00e8ge usagers<\/p>\n<\/td>\n<td style=\"text-align: center;\" width=\"302\">Coll\u00e8ge associatif<\/td>\n<td style=\"text-align: center;\" width=\"302\">Coll\u00e8ge membres de droit<\/td>\n<\/tr>\n<tr>\n<td width=\"302\">\n<p style=\"text-align: center;\">Malika ACHKOUK<br \/>Mehdi BENSAFI<br \/>Sahrane BRAHIM<br \/>Nacira CHAIA<br \/>V\u00e9ronique D&rsquo;IKEBEL<br \/>Jaafar GREINCH<br \/>Tiffanie LLABRES<br \/>Nasser MANSEUR<br \/>Lydie OCTAVE<br \/>Mohamed RAMDANI<br \/>Nadya TETAH<br \/>Ouseynou YAFFA<\/p>\n<\/td>\n<td style=\"text-align: center;\" width=\"302\">\n<p>Jean BELMER<br \/>Action basket citoyen<\/p>\n<p style=\"text-align: center;\">Zeyneb BOUAZZA <br \/>Handicap \u00c9ducation<\/p>\n<p style=\"text-align: center;\">Hafida BOUBEKEUR <br \/>Vaulx-en-Velin Athl\u00e9tisme<\/p>\n<p style=\"text-align: center;\">Mustapha GUISSI<br \/>Vaulx-en-Velin Football<\/p>\n<p style=\"text-align: center;\">\u00a0<\/p>\n<\/td>\n<td width=\"302\">\n<p style=\"text-align: center;\">Fatma FARTAS<br \/>Repr\u00e9sentante de la ville de Vaulx-en-Velin<\/p>\n<p style=\"text-align: center;\">Myriam MOSTEFAOUI<br \/>Repr\u00e9sentante de la ville de Vaulx-en-Velin<\/p>\n<p style=\"text-align: center;\">Michel ROCHER<br \/>Repr\u00e9sentant de la ville de Vaulx-en-Velin<\/p>\n<p style=\"text-align: center;\">H\u00e9l\u00e9ne GEOFFROY<br \/>Repr\u00e9sentante de la ville de Vaulx-en-Velin<\/p>\n<p style=\"text-align: center;\">Eric CROS<br \/>Repr\u00e9sentant de la CAF du Rh\u00f4ne<\/p>\n<\/td>\n<\/tr>\n<\/tbody>\n<\/table>\n<\/div>\n<\/div>\n\n\n<h1 class=\"wp-block-heading\"><strong>Le bureau<\/strong><\/h1>\n\n\n\n<p>\u00c9lu par les membres du conseil d&rsquo;administration, sa mission est d&rsquo;impulser et de dynamiser la r\u00e9alisation du projet. Il met en application et assure le suivi des d\u00e9cisions du Conseil d&rsquo;Administration.<\/p>\n\n\n\n<ul class=\"wp-block-list\"><li><strong>Pr\u00e9sident\u00a0:<\/strong> Jaafar GREINCH <\/li><li><strong>Vice-pr\u00e9sident :\u00a0<\/strong> V\u00e9ronique D&rsquo;IKEBEL<\/li><li><strong>Tr\u00e9sorier :\u00a0<\/strong> Mehdi BENSAFI <\/li><li><strong>Tr\u00e9sori\u00e9re adjoint :<\/strong> Nadia TETAH<\/li><li><strong>Secr\u00e9taire :\u00a0<\/strong> Lydie OCTAVE <\/li><li><strong>Secr\u00e9taire adjoint :<\/strong> Ouseynou YAFFA<\/li><\/ul>\n\n\n\n<hr class=\"wp-block-separator has-css-opacity\"\/>\n","protected":false},"excerpt":{"rendered":"<div class=\"mh-excerpt\"><p>Le Conseil d&rsquo;Administration Le Centre Social le Grand Vire est dirig\u00e9 par un Conseil d&rsquo;Administration. Il se r\u00e9unit toutes les fois qu&rsquo;il est n\u00e9cessaire et <a class=\"mh-excerpt-more\" href=\"http:\/\/www.csgrandvire.fr\/index.php\/lequipe\/\" title=\"Gouvernance\">[&#8230;]<\/a><\/p>\n<\/div>","protected":false},"author":1,"featured_media":0,"parent":0,"menu_order":0,"comment_status":"closed","ping_status":"closed","template":"","meta":{"sfsi_plus_gutenberg_text_before_share":"","sfsi_plus_gutenberg_show_text_before_share":"","sfsi_plus_gutenberg_icon_type":"","sfsi_plus_gutenberg_icon_alignemt":"","sfsi_plus_gutenburg_max_per_row":"","_exactmetrics_skip_tracking":false,"_exactmetrics_sitenote_active":false,"_exactmetrics_sitenote_note":"","_exactmetrics_sitenote_category":0,"footnotes":""},"class_list":["post-21","page","type-page","status-publish","hentry"],"_links":{"self":[{"href":"http:\/\/www.csgrandvire.fr\/index.php\/wp-json\/wp\/v2\/pages\/21","targetHints":{"allow":["GET"]}}],"collection":[{"href":"http:\/\/www.csgrandvire.fr\/index.php\/wp-json\/wp\/v2\/pages"}],"about":[{"href":"http:\/\/www.csgrandvire.fr\/index.php\/wp-json\/wp\/v2\/types\/page"}],"author":[{"embeddable":true,"href":"http:\/\/www.csgrandvire.fr\/index.php\/wp-json\/wp\/v2\/users\/1"}],"replies":[{"embeddable":true,"href":"http:\/\/www.csgrandvire.fr\/index.php\/wp-json\/wp\/v2\/comments?post=21"}],"version-history":[{"count":17,"href":"http:\/\/www.csgrandvire.fr\/index.php\/wp-json\/wp\/v2\/pages\/21\/revisions"}],"predecessor-version":[{"id":2540,"href":"http:\/\/www.csgrandvire.fr\/index.php\/wp-json\/wp\/v2\/pages\/21\/revisions\/2540"}],"wp:attachment":[{"href":"http:\/\/www.csgrandvire.fr\/index.php\/wp-json\/wp\/v2\/media?parent=21"}],"curies":[{"name":"wp","href":"https:\/\/api.w.org\/{rel}","templated":true}]}}

<h1 class="wp-block-heading"><strong>Le Conseil d&rsquo;Administration</strong></h1>


<div class="twpara-row row-fluid">
<div id="JUlk0i8S" class="span12 tw-para ">
<p>Le Centre Social le Grand Vire est dirigé par un Conseil d&rsquo;Administration. Il se réunit toutes les fois qu&rsquo;il est nécessaire et au moins une fois par trimestre sur convocation de son Président ou sur demande du quart au moins de ses membres. Ses membres sont élus par les adhérents, pour 3 ans, renouvelé pour partie lors de chaque Assemblée générale et composé de 3 collèges.</p>
<table>
<tbody>
<tr>
<td width="302">
<p style="text-align: center;">Collège usagers</p>
</td>
<td style="text-align: center;" width="302">Collège associatif</td>
<td style="text-align: center;" width="302">Collège membres de droit</td>
</tr>
<tr>
<td width="302">
<p style="text-align: center;">Malika ACHKOUK<br />Mehdi BENSAFI<br />Sahrane BRAHIM<br />Nacira CHAIA<br />Véronique D&rsquo;IKEBEL<br />Jaafar GREINCH<br />Tiffanie LLABRES<br />Nasser MANSEUR<br />Lydie OCTAVE<br />Mohamed RAMDANI<br />Nadya TETAH<br />Ouseynou YAFFA</p>
</td>
<td style="text-align: center;" width="302">
<p>Jean BELMER<br />Action basket citoyen</p>
<p style="text-align: center;">Zeyneb BOUAZZA <br />Handicap Éducation</p>
<p style="text-align: center;">Hafida BOUBEKEUR <br />Vaulx-en-Velin Athlétisme</p>
<p style="text-align: center;">Mustapha GUISSI<br />Vaulx-en-Velin Football</p>
<p style="text-align: center;"> </p>
</td>
<td width="302">
<p style="text-align: center;">Fatma FARTAS<br />Représentante de la ville de Vaulx-en-Velin</p>
<p style="text-align: center;">Myriam MOSTEFAOUI<br />Représentante de la ville de Vaulx-en-Velin</p>
<p style="text-align: center;">Michel ROCHER<br />Représentant de la ville de Vaulx-en-Velin</p>
<p style="text-align: center;">Héléne GEOFFROY<br />Représentante de la ville de Vaulx-en-Velin</p>
<p style="text-align: center;">Eric CROS<br />Représentant de la CAF du Rhône</p>
</td>
</tr>
</tbody>
</table>
</div>
</div>


<h1 class="wp-block-heading"><strong>Le bureau</strong></h1>



<p>Élu par les membres du conseil d&rsquo;administration, sa mission est d&rsquo;impulser et de dynamiser la réalisation du projet. Il met en application et assure le suivi des décisions du Conseil d&rsquo;Administration.</p>



<ul class="wp-block-list"><li><strong>Président :</strong> Jaafar GREINCH </li><li><strong>Vice-président : </strong> Véronique D&rsquo;IKEBEL</li><li><strong>Trésorier : </strong> Mehdi BENSAFI </li><li><strong>Trésoriére adjoint :</strong> Nadia TETAH</li><li><strong>Secrétaire : </strong> Lydie OCTAVE </li><li><strong>Secrétaire adjoint :</strong> Ouseynou YAFFA</li></ul>



<hr class="wp-block-separator has-css-opacity"/>

<div class="mh-excerpt"><p>Le Conseil d&rsquo;Administration Le Centre Social le Grand Vire est dirigé par un Conseil d&rsquo;Administration. Il se réunit toutes les fois qu&rsquo;il est nécessaire et <a class="mh-excerpt-more" href="http://www.csgrandvire.fr/index.php/lequipe/" title="Gouvernance">[&#8230;]</a></p>
</div>
